{"id":2322,"date":"2019-04-11T20:26:08","date_gmt":"2019-04-11T18:26:08","guid":{"rendered":"http:\/\/dinamico-onlus.org\/?page_id=2322"},"modified":"2023-04-18T00:24:59","modified_gmt":"2023-04-17T22:24:59","slug":"5-x-1000","status":"publish","type":"page","link":"https:\/\/dinamico-onlus.org\/index.php\/5-x-1000\/","title":{"rendered":"5 X 1000"},"content":{"rendered":"<p>[vc_row centered=&#8221;yes&#8221; bg_type=&#8221;image&#8221; parallax_style=&#8221;vcpb-default&#8221; bg_image_new=&#8221;id^1810|url^http:\/\/dinamico-onlus.org\/wp-content\/uploads\/2018\/10\/20180301_231140-e1551555362888.jpg|caption^null|alt^null|title^20180301_231140|description^null&#8221; bg_image_repeat=&#8221;no-repeat&#8221;][vc_column]<div class=\"ult-spacer spacer-69d97605db3a1\" data-id=\"69d97605db3a1\" data-height=\"110\" data-height-mobile=\"110\" data-height-tab=\"110\" data-height-tab-portrait=\"\" data-height-mobile-landscape=\"50\" style=\"clear:both;display:block;\"><\/div><div id=\"ultimate-heading-371669d97605db3c8\" class=\"uvc-heading ult-adjust-bottom-margin ultimate-heading-371669d97605db3c8 uvc-8545 \" data-hspacer=\"no_spacer\"  data-halign=\"left\" style=\"text-align:left\"><div class=\"uvc-heading-spacer no_spacer\" style=\"top\"><\/div><div class=\"uvc-sub-heading ult-responsive\"  data-ultimate-target='.uvc-heading.ultimate-heading-371669d97605db3c8 .uvc-sub-heading '  data-responsive-json-new='{\"font-size\":\"desktop:18px;\",\"line-height\":\"desktop:18px;\"}'  style=\"font-weight:normal;\"><\/p>\n<p class=\"sd-text-bg-white\"><strong>Dona il tuo 5 x 1000<\/strong><\/p>\n<p><\/div><\/div><div class=\"ult-spacer spacer-69d97605db3f0\" data-id=\"69d97605db3f0\" data-height=\"110\" data-height-mobile=\"110\" data-height-tab=\"110\" data-height-tab-portrait=\"\" data-height-mobile-landscape=\"50\" style=\"clear:both;display:block;\"><\/div>[\/vc_column][\/vc_row][vc_row][vc_column width=&#8221;1\/2&#8243;]<div class=\"ult-spacer spacer-69d97605db406\" data-id=\"69d97605db406\" data-height=\"10\" data-height-mobile=\"10\" data-height-tab=\"10\" data-height-tab-portrait=\"\" data-height-mobile-landscape=\"\" style=\"clear:both;display:block;\"><\/div>[vc_single_image image=&#8221;2707&#8243; img_size=&#8221;full&#8221;][\/vc_column][vc_column width=&#8221;1\/2&#8243;]<div class=\"ult-spacer spacer-69d97605db418\" data-id=\"69d97605db418\" data-height=\"10\" data-height-mobile=\"10\" data-height-tab=\"10\" data-height-tab-portrait=\"\" data-height-mobile-landscape=\"\" style=\"clear:both;display:block;\"><\/div><div class=\"smile_icon_list_wrap ult_info_list_container ult-adjust-bottom-margin  \"><ul class=\"smile_icon_list left circle with_bg\"><li class=\"icon_list_item\" style=\" font-size:72px;\"><div class=\"icon_list_icon\" data-animation=\"bounceInDown\" data-animation-delay=\"03\" style=\"font-size:24px;border-width:1px;border-style:none;background:#81d742;color:#333333;border-color:#333333;\"><i class=\"Defaults-search\" ><\/i><\/div><div class=\"icon_description\" id=\"Info-list-wrap-1731\" style=\"font-size:24px;\"><h3 class=\"ult-responsive\"  data-ultimate-target='#Info-list-wrap-1731 h3'  data-responsive-json-new='{\"font-size\":\"desktop:16px;\",\"line-height\":\"desktop:24px;\"}'  style=\"\">1. Cerca il riquadro<\/h3><div class=\"icon_description_text ult-responsive\"  data-ultimate-target='#Info-list-wrap-1731 .icon_description_text'  data-responsive-json-new='{\"font-size\":\"desktop:13px;\",\"line-height\":\"desktop:18px;\"}'  style=\"\"><p>&#8220;Sostegno degli enti del terzo settore iscritti nel runts di cui all&#8217;art. 46, c. 1, del d. lgs. 3 luglio 2017, n. 117, [\u2026]\u201d (il primo a sinistra)<\/p>\n<\/div><\/div><div class=\"icon_list_connector\"  style=\"border-right-width: 1px;border-right-style: dashed;border-color: #333333;\"><\/div><\/li><li class=\"icon_list_item\" style=\" font-size:72px;\"><div class=\"icon_list_icon\" data-animation=\"bounceInDown\" data-animation-delay=\"03\" style=\"font-size:24px;border-width:1px;border-style:none;background:#81d742;color:#333333;border-color:#333333;\"><i class=\"Defaults-codepen\" ><\/i><\/div><div class=\"icon_description\" id=\"Info-list-wrap-7774\" style=\"font-size:24px;\"><h3 class=\"ult-responsive\"  data-ultimate-target='#Info-list-wrap-7774 h3'  data-responsive-json-new='{\"font-size\":\"desktop:16px;\",\"line-height\":\"desktop:24px;\"}'  style=\"\">2. Inserisci il Codice Fiscale<\/h3><div class=\"icon_description_text ult-responsive\"  data-ultimate-target='#Info-list-wrap-7774 .icon_description_text'  data-responsive-json-new='{\"font-size\":\"desktop:13px;\",\"line-height\":\"desktop:18px;\"}'  style=\"\"><p>Indica nel riquadro il nostro codice fiscale\u00a0<strong>95231120163<\/strong><\/p>\n<\/div><\/div><div class=\"icon_list_connector\"  style=\"border-right-width: 1px;border-right-style: dashed;border-color: #333333;\"><\/div><\/li><li class=\"icon_list_item\" style=\" font-size:72px;\"><div class=\"icon_list_icon\" data-animation=\"bounceInDown\" data-animation-delay=\"03\" style=\"font-size:24px;border-width:1px;border-style:none;background:#81d742;color:#333333;border-color:#333333;\"><i class=\"Defaults-sign-in\" ><\/i><\/div><div class=\"icon_description\" id=\"Info-list-wrap-8080\" style=\"font-size:24px;\"><h3 class=\"ult-responsive\"  data-ultimate-target='#Info-list-wrap-8080 h3'  data-responsive-json-new='{\"font-size\":\"desktop:16px;\",\"line-height\":\"desktop:24px;\"}'  style=\"\">3. Firma<\/h3><div class=\"icon_description_text ult-responsive\"  data-ultimate-target='#Info-list-wrap-8080 .icon_description_text'  data-responsive-json-new='{\"font-size\":\"desktop:13px;\",\"line-height\":\"desktop:18px;\"}'  style=\"\"><p>Apponi la tua firma<\/p>\n<\/div><\/div><div class=\"icon_list_connector\"  style=\"border-right-width: 1px;border-right-style: dashed;border-color: #333333;\"><\/div><\/li><li class=\"icon_list_item\" style=\" font-size:72px;\"><div class=\"icon_list_icon\" data-animation=\"bounceInDown\" data-animation-delay=\"03\" style=\"font-size:24px;border-width:1px;border-style:none;background:#81d742;color:#333333;border-color:#333333;\"><i class=\"Defaults-check\" ><\/i><\/div><div class=\"icon_description\" id=\"Info-list-wrap-5876\" style=\"font-size:24px;\"><h3 class=\"ult-responsive\"  data-ultimate-target='#Info-list-wrap-5876 h3'  data-responsive-json-new='{\"font-size\":\"desktop:16px;\",\"line-height\":\"desktop:24px;\"}'  style=\"\">4. Grazie<\/h3><div class=\"icon_description_text ult-responsive\"  data-ultimate-target='#Info-list-wrap-5876 .icon_description_text'  data-responsive-json-new='{\"font-size\":\"desktop:13px;\",\"line-height\":\"desktop:18px;\"}'  style=\"\"><p>Il tuo contributo aiuter\u00e0 molti bambini nella ricerca della loro autonomia<\/p>\n<\/div><\/div><div class=\"icon_list_connector\"  style=\"border-right-width: 1px;border-right-style: dashed;border-color: #333333;\"><\/div><\/li><\/ul><\/div>[\/vc_column][\/vc_row][vc_row padding_left=&#8221;40px&#8221;][vc_column]<div class=\"ult-spacer spacer-69d97605db56b\" data-id=\"69d97605db56b\" data-height=\"10\" data-height-mobile=\"10\" data-height-tab=\"10\" data-height-tab-portrait=\"\" data-height-mobile-landscape=\"\" style=\"clear:both;display:block;\"><\/div>[vc_separator][vc_column_text]<\/p>\n<h1 class=\"page_main_title\" style=\"text-align: center;\">5X1000 &#8211; LE DOMANDE PI\u00d9 FREQUENTI<\/h1>\n<p>[\/vc_column_text][vc_toggle title=&#8221;Cosa \u00e8 il 5 x 1000&#8243; css=&#8221;.vc_custom_1557167019260{margin-left: 30px !important;}&#8221;]Il cinque per mille indica una quota dell&#8217;imposta IRPEF, che lo Stato ripartisce, per sostenere enti che svolgono attivit\u00e0 socialmente rilevanti (ad esempio non profit). Il versamento \u00e8 a discrezione del cittadino-contribuente, contestualmente alla dichiarazione dei redditi.[\/vc_toggle][vc_toggle title=&#8221;Quanto mi costa il 5 x 1000&#8243; css=&#8221;.vc_custom_1557167037949{margin-left: 30px !important;}&#8221;]Il 5&#215;1000 non ti costa nulla \u00e8 una frazione dell&#8217;IRPEF. Non \u00e8 assolutamente una spesa aggiuntiva. Se si decide di non destinare a nessuno il 5&#215;1000 quella parte di IRPEF sar\u00e0 comunque versata allo Stato[\/vc_toggle][vc_toggle title=&#8221;Come posso devolvere il 5&#215;1000 a DinAmico?&#8221; css=&#8221;.vc_custom_1681769988961{margin-left: 30px !important;}&#8221;]Per far s\u00ec che il proprio 5&#215;1000 venga destinato a DinAmico \u00e8 necessario firmare nel riquadro per il &#8220;Sostegno degli enti del terzo settore iscritti nel runts di cui all\u2019art. 46, c. 1, del d. lgs. 3 luglio 2017, n. 117&#8243; e inserire il Codice Fiscale 95231120163. Se il contribuente firma ma non scrive il codice fiscale, la quota sar\u00e0 suddivisa proporzionalmente al numero di preferenze ricevute dalle organizzazioni appartenenti allo stesso riquadro[\/vc_toggle][vc_toggle title=&#8221;Che differenza c&#8217;\u00e8 tra l&#8217;8 x 1000 ed il 5&#215;1000?&#8221; css=&#8221;.vc_custom_1557167064027{margin-left: 30px !important;}&#8221;]Sono due azioni distinte e non alternative tra loro.<br \/>\nLa devoluzione dell&#8217;8&#215;1000 \u00e8 una scelta che ogni contribuente pu\u00f2 continuare a fare indipendentemente dalla possibilit\u00e0 di destinare il 5&#215;1000.[\/vc_toggle][\/vc_column][\/vc_row][vc_row][vc_column width=&#8221;1\/3&#8243;][\/vc_column][vc_column width=&#8221;1\/3&#8243;][\/vc_column][vc_column width=&#8221;1\/3&#8243;][\/vc_column][\/vc_row][vc_row][vc_column width=&#8221;1\/3&#8243;]<div class=\"ult-content-box-container \" >\t\t<div class=\"ult-content-box\" style=\"box-shadow: px px px px none;-webkit-transition: all 700ms ease;-moz-transition: all 700ms ease;-ms-transition: all 700ms ease;-o-transition: all 700ms ease;transition: all 700ms ease;\"  data-hover_box_shadow=\"none\"    ><div class=\"aio-icon-component  vc_custom_1637866738287   style_1\"><a class=\"aio-icon-box-link\" href=\"https:\/\/dinamico-onlus.org\/wp-content\/uploads\/2021\/11\/5X100_rendiconto_relazione_illustrativa.pdf\"target=\"_blank\"rel=\"noopener\"><div id=\"Info-box-wrap-1806\" class=\"aio-icon-box default-icon\" style=\"\"  ><div class=\"aio-icon-default\"><div class=\"ult-just-icon-wrapper  \"><div class=\"align-icon\" style=\"text-align:center;\">\n<div class=\"aio-icon none \"  style=\"color:#1e73be;font-size:32px;display:inline-block;\">\n\t<i class=\"Defaults-download\"><\/i>\n<\/div><\/div><\/div><\/div><div class=\"aio-icon-header\" ><h3 class=\"aio-icon-title ult-responsive\"  data-ultimate-target='#Info-box-wrap-1806 .aio-icon-title'  data-responsive-json-new='{\"font-size\":\"\",\"line-height\":\"\"}'  style=\"color:#1e73be;\">Rendiconto 5X1000 2018<\/h3><\/div> <!-- header --><\/div> <!-- aio-icon-box --><\/a><\/div> <!-- aio-icon-component -->\t\t<\/div><\/div>[\/vc_column][vc_column width=&#8221;1\/3&#8243;]<div class=\"ult-content-box-container \" >\t\t<div class=\"ult-content-box\" style=\"box-shadow: px px px px none;-webkit-transition: all 700ms ease;-moz-transition: all 700ms ease;-ms-transition: all 700ms ease;-o-transition: all 700ms ease;transition: all 700ms ease;\"  data-hover_box_shadow=\"none\"    ><div class=\"aio-icon-component  vc_custom_1642185940868   style_1\"><a class=\"aio-icon-box-link\" href=\"https:\/\/dinamico-onlus.org\/wp-content\/uploads\/2022\/01\/2019_rendiconto_5X1000.pdf\"target=\"_blank\"rel=\"noopener\"><div id=\"Info-box-wrap-3010\" class=\"aio-icon-box default-icon\" style=\"\"  ><div class=\"aio-icon-default\"><div class=\"ult-just-icon-wrapper  \"><div class=\"align-icon\" style=\"text-align:center;\">\n<div class=\"aio-icon none \"  style=\"color:#1e73be;font-size:32px;display:inline-block;\">\n\t<i class=\"Defaults-download\"><\/i>\n<\/div><\/div><\/div><\/div><div class=\"aio-icon-header\" ><h3 class=\"aio-icon-title ult-responsive\"  data-ultimate-target='#Info-box-wrap-3010 .aio-icon-title'  data-responsive-json-new='{\"font-size\":\"\",\"line-height\":\"\"}'  style=\"color:#1e73be;\">Rendiconto 5X1000 2019<\/h3><\/div> <!-- header --><\/div> <!-- aio-icon-box --><\/a><\/div> <!-- aio-icon-component -->\t\t<\/div><\/div>[\/vc_column][vc_column width=&#8221;1\/3&#8243;][\/vc_column][\/vc_row]<\/p>\n","protected":false},"excerpt":{"rendered":"<p>[vc_row centered=&#8221;yes&#8221; bg_type=&#8221;image&#8221; parallax_style=&#8221;vcpb-default&#8221; bg_image_new=&#8221;id^1810|url^http:\/\/dinamico-onlus.org\/wp-content\/uploads\/2018\/10\/20180301_231140-e1551555362888.jpg|caption^null|alt^null|title^20180301_231140|description^null&#8221; bg_image_repeat=&#8221;no-repeat&#8221;][vc_column][\/vc_column][\/vc_row][vc_row][vc_column width=&#8221;1\/2&#8243;][vc_single_image image=&#8221;2707&#8243; img_size=&#8221;full&#8221;][\/vc_column][vc_column width=&#8221;1\/2&#8243;][\/vc_column][\/vc_row][vc_row padding_left=&#8221;40px&#8221;][vc_column][vc_separator][vc_column_text] 5X1000 &#8211; LE DOMANDE PI\u00d9 FREQUENTI [\/vc_column_text][vc_toggle title=&#8221;Cosa \u00e8 il 5 x 1000&#8243; css=&#8221;.vc_custom_1557167019260{margin-left: 30px !important;}&#8221;]Il cinque per mille indica una quota dell&#8217;imposta IRPEF, che lo Stato ripartisce, per sostenere enti che svolgono attivit\u00e0 socialmente rilevanti (ad esempio non<\/p>\n<p><a class=\"sd-more sd-all-trans\" href=\"https:\/\/dinamico-onlus.org\/index.php\/5-x-1000\/#more-2322\">Read More<\/a><\/p>\n","protected":false},"author":2,"featured_media":0,"parent":0,"menu_order":0,"comment_status":"closed","ping_status":"closed","template":"full-width-page.php","meta":{"footnotes":""},"class_list":["post-2322","page","type-page","status-publish","hentry"],"_links":{"self":[{"href":"https:\/\/dinamico-onlus.org\/index.php\/wp-json\/wp\/v2\/pages\/2322","targetHints":{"allow":["GET"]}}],"collection":[{"href":"https:\/\/dinamico-onlus.org\/index.php\/wp-json\/wp\/v2\/pages"}],"about":[{"href":"https:\/\/dinamico-onlus.org\/index.php\/wp-json\/wp\/v2\/types\/page"}],"author":[{"embeddable":true,"href":"https:\/\/dinamico-onlus.org\/index.php\/wp-json\/wp\/v2\/users\/2"}],"replies":[{"embeddable":true,"href":"https:\/\/dinamico-onlus.org\/index.php\/wp-json\/wp\/v2\/comments?post=2322"}],"version-history":[{"count":40,"href":"https:\/\/dinamico-onlus.org\/index.php\/wp-json\/wp\/v2\/pages\/2322\/revisions"}],"predecessor-version":[{"id":3069,"href":"https:\/\/dinamico-onlus.org\/index.php\/wp-json\/wp\/v2\/pages\/2322\/revisions\/3069"}],"wp:attachment":[{"href":"https:\/\/dinamico-onlus.org\/index.php\/wp-json\/wp\/v2\/media?parent=2322"}],"curies":[{"name":"wp","href":"https:\/\/api.w.org\/{rel}","templated":true}]}}