{"id":2772,"date":"2022-07-25T15:11:59","date_gmt":"2022-07-25T13:11:59","guid":{"rendered":"https:\/\/dinamico-onlus.org\/?page_id=2772"},"modified":"2022-09-18T10:43:17","modified_gmt":"2022-09-18T08:43:17","slug":"gestione-ets","status":"publish","type":"page","link":"https:\/\/dinamico-onlus.org\/index.php\/gestione-ets\/","title":{"rendered":"Gestione ETS"},"content":{"rendered":"<p>[vc_row centered=&#8221;yes&#8221; bg_type=&#8221;image&#8221; parallax_style=&#8221;vcpb-default&#8221; bg_image_new=&#8221;id^2810|url^https:\/\/dinamico-onlus.org\/wp-content\/uploads\/2022\/07\/20180409_171200_compresso-scaled.jpg|caption^null|alt^null|title^20180409_171200_compresso|description^null&#8221; bg_image_repeat=&#8221;no-repeat&#8221; sd_bg_color=&#8221;&#8221;][vc_column]<div class=\"ult-spacer spacer-69e75b5314801\" data-id=\"69e75b5314801\" data-height=\"110\" data-height-mobile=\"50\" data-height-tab=\"\" data-height-tab-portrait=\"\" data-height-mobile-landscape=\"\" style=\"clear:both;display:block;\"><\/div><div id=\"ultimate-heading-449069e75b531482d\" class=\"uvc-heading ult-adjust-bottom-margin ultimate-heading-449069e75b531482d uvc-6384 \" data-hspacer=\"no_spacer\"  data-halign=\"left\" style=\"text-align:left\"><div class=\"uvc-heading-spacer no_spacer\" style=\"top\"><\/div><div class=\"uvc-sub-heading ult-responsive\"  data-ultimate-target='.uvc-heading.ultimate-heading-449069e75b531482d .uvc-sub-heading '  data-responsive-json-new='{\"font-size\":\"desktop:18px;\",\"line-height\":\"desktop:18px;\"}'  style=\"font-family:&#039;Montserrat&#039;;font-weight:700;\"><\/p>\n<p class=\"sd-text-bg-white\">Gestione ETS<\/p>\n<p><\/div><\/div><div class=\"ult-spacer spacer-69e75b5314866\" data-id=\"69e75b5314866\" data-height=\"110\" data-height-mobile=\"50\" data-height-tab=\"\" data-height-tab-portrait=\"\" data-height-mobile-landscape=\"\" style=\"clear:both;display:block;\"><\/div>[\/vc_column][\/vc_row][vc_row centered=&#8221;yes&#8221;][vc_column][vc_column_text]Le piccole Organizzazioni di Volontariato hanno spesso la necessit\u00e0 di recuperare documenti operativi, meglio ancora se editabili e preferibilmente in un formato grafico idoneo.<br \/>\nSul web sono disponibili tutte le informazioni per gestire una ODV, ci\u00f2 che \u00e8 invece difficile da reperire sono gli strumenti operativi, meglio se ubicati in un unico sito, che in modo semplice e guidato forniscano le informazioni indispensabili.<br \/>\nL\u2019obiettivo non \u00e8 quello di sostituirci a centri e\/o organizzazioni con elevate competenze, ma semplicemente quello favorire, grazie anche ad una check list (in costruzione), collegata ipertestualemte ai documenti, il rispetto della conformit\u00e0 normativa.<br \/>\nResta inteso che \u00e8 comunque necessario approfondire le varie tematiche e per tale ragione sono disponibili anche documenti istituzionali e vari link.[\/vc_column_text][vc_tta_accordion style=&#8221;modern&#8221; gap=&#8221;10&#8243; c_icon=&#8221;chevron&#8221; c_position=&#8221;right&#8221; active_section=&#8221;0&#8243; collapsible_all=&#8221;true&#8221;][vc_tta_section i_type=&#8221;material&#8221; i_icon_material=&#8221;vc-material vc-material-airplay&#8221; add_icon=&#8221;true&#8221; title=&#8221;Costituzione ODV&#8221; tab_id=&#8221;1557858259354-198d673d-91ee&#8221;][vc_row_inner][vc_column_inner][vc_column_text css=&#8221;.vc_custom_1659257773830{margin-bottom: 0px !important;}&#8221;]L\u2019Atto Costitutivo e lo Statuto Sociale, una volta approvati dalla Assemblea Costitutiva composta da tutti i soci fondatori, devono essere registrati presso l\u2019Agenzia delle Entrate.<br \/>\nTale adempimento diventa molto importante, dal momento che la registrazione indica la data certa di costituzione dell\u2019OdV e la priorit\u00e0 nell\u2019assunzione della denominazione.<br \/>\nQuesta incombenza per le OdV che hanno intenzione di iscriversi nel registro \u00e8 gratuita in quanto sono esenti dall\u2019imposta di bollo e di registro ai sensi dell\u2019art. 82 co. 3 e co. 5 del D.Lgs. 117\/2017.<br \/>\nAl momento della registrazione, l\u2019OdV dovr\u00e0 richiedere, sempre alla Agenzie delle Entrate, anche l\u2019attribuzione del Codice Fiscale, attraverso la compilazione di un apposito modello che si pu\u00f2 ritirare direttamente presso l\u2019Agenzia delle Entrate o scaricare dal sito.<\/p>\n<p style=\"text-align: left;\">Fonte CSV La Spezia<\/p>\n<p>[\/vc_column_text][\/vc_column_inner][\/vc_row_inner][vc_btn title=&#8221;Scopri&#8221; style=&#8221;flat&#8221; color=&#8221;sky&#8221; align=&#8221;right&#8221; css=&#8221;.vc_custom_1659257758613{border-top-width: 0px !important;border-right-width: 0px !important;border-bottom-width: 0px !important;border-left-width: 0px !important;border-left-style: solid !important;border-right-style: solid !important;border-top-style: solid !important;border-bottom-style: solid !important;}&#8221; link=&#8221;url:https%3A%2F%2Fdinamico-onlus.org%2Findex.php%2Fgestione-ets%2Fcostituzione-odv%2F|title:Costituzione%20ODV|target:%20_blank|&#8221;][\/vc_tta_section][vc_tta_section i_type=&#8221;material&#8221; i_icon_material=&#8221;vc-material vc-material-fingerprint&#8221; add_icon=&#8221;true&#8221; title=&#8221;GDPR (Regolamento Europeo 2016\/679)&#8221; tab_id=&#8221;1658767971221-cd8f31ad-495b&#8221;][vc_row_inner][vc_column_inner][vc_column_text css=&#8221;.vc_custom_1658768491442{margin-bottom: 0px !important;}&#8221;]La normativa sulla privacy prevista dal Regolamento UE 679\/2016 e dal Decreto Legislativo 30 giugno 2003, n. 196 e s.m.i, si applica anche alle OdV.<br \/>\nVa infatti evidenziato come qualunque soggetto che si trovi nel territorio dello Stato Italiano e che effettui il trattamento dei dati personali deve osservare le prescrizioni contenute nel D.lgs. 196\/2003 s.m.i e del Regolamento UE 679\/2016[\/vc_column_text][\/vc_column_inner][\/vc_row_inner][vc_btn title=&#8221;Scopri&#8221; color=&#8221;sky&#8221; align=&#8221;right&#8221; css=&#8221;.vc_custom_1659257925324{border-top-width: 0px !important;border-right-width: 0px !important;border-bottom-width: 0px !important;border-left-width: 0px !important;border-left-style: solid !important;border-right-style: solid !important;border-top-style: solid !important;border-bottom-style: solid !important;}&#8221; link=&#8221;url:https%3A%2F%2Fdinamico-onlus.org%2Findex.php%2Fgestione-ets%2Fgdpr-regolamento-europeo-2016-679%2F|title:GDPR%20(regolamento%20europeo%202016%2F679)|target:%20_blank|&#8221;][\/vc_tta_section][vc_tta_section i_type=&#8221;material&#8221; i_icon_material=&#8221;vc-material vc-material-collections_bookmark&#8221; add_icon=&#8221;true&#8221; title=&#8221;Libri e registri sociali&#8221; tab_id=&#8221;1658768596839-819e49b7-02b9&#8243;][vc_row_inner][vc_column_inner][vc_column_text css=&#8221;.vc_custom_1658768912051{margin-bottom: 0px !important;}&#8221;]L\u2019Associazione deve dotarsi dei seguenti libri sociali, secondo quanto previsto in materia di ETS dal D.Lgs. 117\/2017:<\/p>\n<ul>\n<li>libro soci;<\/li>\n<li>libro verbali dell\u2019Assemblea;<\/li>\n<li>libro verbali dell\u2019Organo di Amministrazione (vecchio Consiglio Direttivo);<\/li>\n<li>registro dei volontari attivi. Ai sensi dell\u2019art 17 D.Lgs. 117\/2017 gli ETS sono tenuti ad iscrivere in un apposito registro i volontari che svolgono la loro attivit\u00e0 in modo non occasionale. Per prassi, questo registro va fatto vidimare da un Pubblico Ufficiale: il Segretario Comunale del Comune di residenza dell\u2019Associazione potr\u00e0 assolvere gratuitamente questo passaggio.<\/li>\n<\/ul>\n<p>[\/vc_column_text][\/vc_column_inner][\/vc_row_inner][vc_btn title=&#8221;Scopri&#8221; color=&#8221;sky&#8221; align=&#8221;right&#8221; css=&#8221;.vc_custom_1659257941630{border-top-width: 0px !important;border-right-width: 0px !important;border-bottom-width: 0px !important;border-left-width: 0px !important;border-left-style: solid !important;border-right-style: solid !important;border-top-style: solid !important;border-bottom-style: solid !important;}&#8221; link=&#8221;url:https%3A%2F%2Fdinamico-onlus.org%2Findex.php%2Fgestione-ets%2Flibri-e-registri%2F|title:Libri%20e%20registri|target:%20_blank|&#8221;][\/vc_tta_section][vc_tta_section i_type=&#8221;material&#8221; i_icon_material=&#8221;vc-material vc-material-euro_symbol&#8221; add_icon=&#8221;true&#8221; title=&#8221;Raccolta fondi&#8221; tab_id=&#8221;1658768984337-0e415853-be5b&#8221;][vc_row_inner][vc_column_inner][vc_column_text css=&#8221;.vc_custom_1658769431961{margin-bottom: 0px !important;}&#8221;]Le ODV possono trarre le risorse economiche necessarie al loro funzionamento e allo svolgimento della propria attivit\u00e0 da fonti diverse, quali quote associative, contributi pubblici e privati, donazioni e lasciti testamentari, rendite patrimoniali ed attivit\u00e0 di raccolta fondi nonch\u00e9 delle attivit\u00e0 di cui all\u2019articolo 6 del CTS. Per l\u2019attivit\u00e0 di interesse generale prestata le ODV possono ricevere, soltanto il rimborso delle spese effettivamente sostenute e documentate salvo che tale attivit\u00e0 sia svolta quale attivit\u00e0 secondaria e strumentale nei limiti di cui all\u2019articolo 6 CTS[\/vc_column_text][\/vc_column_inner][\/vc_row_inner][vc_btn title=&#8221;Scopri&#8221; color=&#8221;sky&#8221; align=&#8221;right&#8221; css=&#8221;.vc_custom_1659257894276{border-top-width: 0px !important;border-right-width: 0px !important;border-bottom-width: 0px !important;border-left-width: 0px !important;border-left-style: solid !important;border-right-style: solid !important;border-top-style: solid !important;border-bottom-style: solid !important;}&#8221; link=&#8221;url:https%3A%2F%2Fdinamico-onlus.org%2Findex.php%2Fgestione-ets%2Fraccolta-fondi%2F|title:Raccolta%20fondi|target:%20_blank|&#8221;][\/vc_tta_section][vc_tta_section i_icon_fontawesome=&#8221;fa fa-gavel&#8221; add_icon=&#8221;true&#8221; title=&#8221;Regolamenti&#8221; tab_id=&#8221;1658819253200-2f4aadf3-1b0f&#8221;][vc_row_inner][vc_column_inner][vc_column_text css=&#8221;.vc_custom_1658819505164{margin-bottom: 0px !important;}&#8221;]Introdurre premessa<\/p>\n<p>Deve essere previsto il diritto degli associati e degli aderenti di esaminare i libri sociali, prevedendo in concreto le modalit\u00e0 con cui tale diritto pu\u00f2 essere esercitato[\/vc_column_text][\/vc_column_inner][\/vc_row_inner][vc_btn title=&#8221;Scopri&#8221; color=&#8221;sky&#8221; align=&#8221;right&#8221; css=&#8221;.vc_custom_1659257977471{border-top-width: 0px !important;border-right-width: 0px !important;border-bottom-width: 0px !important;border-left-width: 0px !important;border-left-style: solid !important;border-right-style: solid !important;border-top-style: solid !important;border-bottom-style: solid !important;}&#8221; link=&#8221;url:https%3A%2F%2Fdinamico-onlus.org%2Findex.php%2Fgestione-ets%2Fregolamenti%2F|title:Regolamenti|target:%20_blank|&#8221;][\/vc_tta_section][vc_tta_section i_icon_fontawesome=&#8221;fa fa-line-chart&#8221; add_icon=&#8221;true&#8221; title=&#8221;Rendicontazione&#8221; tab_id=&#8221;1658819544521-5ecf2178-eacd&#8221;][vc_row_inner][vc_column_inner][vc_column_text css=&#8221;.vc_custom_1658820165434{margin-bottom: 0px !important;}&#8221;]Il bilancio degli enti del Terzo settore (Ets) con ricavi, rendite, proventi o entrate comunque denominate\u00a0inferiori a 220.000 euro\u00a0pu\u00f2 essere redatto nella forma del\u00a0rendiconto per cassa.<br \/>\nNelle associazioni di Terzo settore, l\u2019approvazione del bilancio \u00e8 competenza inderogabile dell\u2019assemblea.<br \/>\nRendiconti, bilanci e rendiconti delle\u00a0raccolte pubbliche di fondi\u00a0svolte nell\u2019esercizio precedente devono essere depositati entro il 30 giugno di ogni anno presso il\u00a0registro unico nazionale del Terzo settore ai fini della pubblicazione.<br \/>\nFonte: Cantiere 3 settore[\/vc_column_text][\/vc_column_inner][\/vc_row_inner][vc_btn title=&#8221;Scopri&#8221; color=&#8221;sky&#8221; align=&#8221;right&#8221; css=&#8221;.vc_custom_1659258004169{border-top-width: 0px !important;border-right-width: 0px !important;border-bottom-width: 0px !important;border-left-width: 0px !important;border-left-style: solid !important;border-right-style: solid !important;border-top-style: solid !important;border-bottom-style: solid !important;}&#8221; link=&#8221;url:https%3A%2F%2Fdinamico-onlus.org%2Findex.php%2Fgestione-ets%2Frendicontazione%2F|title:Rendicontazione|target:%20_blank|&#8221;][\/vc_tta_section][\/vc_tta_accordion]<div class=\"ult-spacer spacer-69e75b5314881\" data-id=\"69e75b5314881\" data-height=\"70\" data-height-mobile=\"70\" data-height-tab=\"70\" data-height-tab-portrait=\"\" data-height-mobile-landscape=\"\" style=\"clear:both;display:block;\"><\/div>[vc_row_inner][vc_column_inner width=&#8221;1\/2&#8243;]<div class=\"ult-spacer spacer-69e75b5314893\" data-id=\"69e75b5314893\" data-height=\"10\" data-height-mobile=\"10\" data-height-tab=\"10\" data-height-tab-portrait=\"\" data-height-mobile-landscape=\"\" style=\"clear:both;display:block;\"><\/div>[\/vc_column_inner][\/vc_row_inner][\/vc_column][\/vc_row][vc_row][vc_column][vc_column_text]<\/p>\n<h1 style=\"padding-left: 80px;\">Link utili<\/h1>\n<p>[\/vc_column_text][\/vc_column][\/vc_row][vc_row][vc_column width=&#8221;1\/4&#8243;][vc_single_image image=&#8221;2941&#8243; img_size=&#8221;300&#215;100&#8243; alignment=&#8221;center&#8221; onclick=&#8221;custom_link&#8221; img_link_target=&#8221;_blank&#8221; link=&#8221;https:\/\/servizi.lavoro.gov.it\/runts\/it-it\/&#8221;][\/vc_column][vc_column width=&#8221;1\/4&#8243;][vc_single_image image=&#8221;2945&#8243; img_size=&#8221;300&#215;100&#8243; alignment=&#8221;center&#8221; onclick=&#8221;custom_link&#8221; img_link_target=&#8221;_blank&#8221; link=&#8221;https:\/\/www.cantiereterzosettore.it\/&#8221;][\/vc_column][vc_column width=&#8221;1\/4&#8243;][vc_single_image image=&#8221;2946&#8243; img_size=&#8221;365&#215;100&#8243; alignment=&#8221;center&#8221; onclick=&#8221;custom_link&#8221; img_link_target=&#8221;_blank&#8221; link=&#8221;https:\/\/www.csvlombardia.it\/&#8221;][\/vc_column][vc_column width=&#8221;1\/4&#8243;][vc_single_image image=&#8221;2948&#8243; img_size=&#8221;full&#8221; alignment=&#8221;center&#8221; onclick=&#8221;custom_link&#8221; img_link_target=&#8221;_blank&#8221; link=&#8221;https:\/\/csvnet.it\/&#8221;][\/vc_column][\/vc_row]<\/p>\n","protected":false},"excerpt":{"rendered":"<p>[vc_row centered=&#8221;yes&#8221; bg_type=&#8221;image&#8221; parallax_style=&#8221;vcpb-default&#8221; bg_image_new=&#8221;id^2810|url^https:\/\/dinamico-onlus.org\/wp-content\/uploads\/2022\/07\/20180409_171200_compresso-scaled.jpg|caption^null|alt^null|title^20180409_171200_compresso|description^null&#8221; bg_image_repeat=&#8221;no-repeat&#8221; sd_bg_color=&#8221;&#8221;][vc_column][\/vc_column][\/vc_row][vc_row centered=&#8221;yes&#8221;][vc_column][vc_column_text]Le piccole Organizzazioni di Volontariato hanno spesso la necessit\u00e0 di recuperare documenti operativi, meglio ancora se editabili e preferibilmente in un formato grafico idoneo. Sul web sono disponibili tutte le informazioni per gestire una ODV, ci\u00f2 che \u00e8 invece difficile da reperire sono<\/p>\n<p><a class=\"sd-more sd-all-trans\" href=\"https:\/\/dinamico-onlus.org\/index.php\/gestione-ets\/#more-2772\">Read More<\/a><\/p>\n","protected":false},"author":2,"featured_media":0,"parent":0,"menu_order":0,"comment_status":"closed","ping_status":"closed","template":"full-width-page.php","meta":{"footnotes":""},"class_list":["post-2772","page","type-page","status-publish","hentry"],"_links":{"self":[{"href":"https:\/\/dinamico-onlus.org\/index.php\/wp-json\/wp\/v2\/pages\/2772","targetHints":{"allow":["GET"]}}],"collection":[{"href":"https:\/\/dinamico-onlus.org\/index.php\/wp-json\/wp\/v2\/pages"}],"about":[{"href":"https:\/\/dinamico-onlus.org\/index.php\/wp-json\/wp\/v2\/types\/page"}],"author":[{"embeddable":true,"href":"https:\/\/dinamico-onlus.org\/index.php\/wp-json\/wp\/v2\/users\/2"}],"replies":[{"embeddable":true,"href":"https:\/\/dinamico-onlus.org\/index.php\/wp-json\/wp\/v2\/comments?post=2772"}],"version-history":[{"count":40,"href":"https:\/\/dinamico-onlus.org\/index.php\/wp-json\/wp\/v2\/pages\/2772\/revisions"}],"predecessor-version":[{"id":2802,"href":"https:\/\/dinamico-onlus.org\/index.php\/wp-json\/wp\/v2\/pages\/2772\/revisions\/2802"}],"wp:attachment":[{"href":"https:\/\/dinamico-onlus.org\/index.php\/wp-json\/wp\/v2\/media?parent=2772"}],"curies":[{"name":"wp","href":"https:\/\/api.w.org\/{rel}","templated":true}]}}